 = -h**3 + 12*h**2 - 14*h + 24. What is o(r)?
-9
Let s(p) be the second derivative of 109*p**3/6 - 5*p**2/2 - 13266*p. Give s(1).
104
Let x(s) = -849*s + 22. Let h be x(0). Let k(g) be the first derivative of 1/3*g**3 - 7/2*g**2 - h + 7*g. Determine k(8).
15
Let q(m) = -2*m + 1. Let g(c) = 34*c - 50. Let o(f) = -g(f) - 4*q(f). Let v(n) = 8*n - 15. Let a(d) = -5*o(d) - 16*v(d). Determine a(-8).
-6
Let c(p) be the second derivative of -p**4/12 + 5*p**3/6 - 5*p**2/2 + 110*p. Let u be (-207)/(-45) + 2/5. Suppose u - 15 = -2*b. Determine c(b).
-5
Let n(d) = -d**3 - 16*d**2 + 20*d + 3. Let h be n(-17). Let u = 54 + h. Let t(p) = 53 + u*p - 60 - p**3 + 6*p**2 - p**2. What is t(6)?
-7
Let k(v) = -2*v**2 - 12*v - 7. Let p be k(-4). Suppose 3*b - 4*u - 7 = 4, 3*b - 3*u = p. Let w(g) = b + 596*g - 595*g - 1 + 8. What is w(7)?
15
Let z(f) = -f + 11. Let p be z(7). Let q(x) = 0*x + p*x + 7 - x - 2*x. Let g be 0/((6 - 23) + 18). Give q(g).
7
Let n be 5/(-2) - ((-35)/10)/(-7). Let f be 21/28 + (n - 39/(-12)). Let l(g) = -4*g**3 + g**3 + g - 2*g + 1. Determine l(f).
-3
Let c be 0 + ((-28)/98)/(1/7). Let t(j) = -j**3 + 11*j**2 - j - 3. Let x(l) = -l**3 + 10*l**2 - l - 3. Let r(v) = c*t(v) + 3*x(v). Determine r(8).
-11
Let v(m) = m**2 + m + 5. Let o(i) = -i + 5. Let u be o(-5). Suppose 2 + u = 6*j. Suppose -k = -j*k. What is v(k)?
5
Let a(y) = 7*y**2 - 7*y + 138. Let x(t) = -6*t**2 + 3*t - 127. Let r(i) = -5*a(i) - 6*x(i). Give r(-6).
6
Let h = -216 + 246. Let u(t) = t**2 - 36*t + 173. Let l be u(h). Let w(m) = -m**2 - 7*m + 1. What is w(l)?
1
Let j(l) be the first derivative of l**3/3 - 3*l**2 + 4. Let z be 720/(-108)*(16/(-5) + 2). Determine j(z).
16
Let z(i) = i**3 - 2*i**2 + 5*i + 5. Let o be 3 - 37/5 - -2 - 189/315. Determine z(o).
-55
Let y(i) = 7*i + 2. Suppose 82 = 3*h + 73. Let l(s) = s**2 - 8*s - 4. Let a(k) = h*y(k) + 2*l(k). Let c be (-1)/((-2)/(-4)) + -2. Determine a(c).
10
Let x(f) = f**3 + f**2 - 5. Let c be 3*(1/(-2) + 6/(-12)). Let g be 8/(-6)*(c - 300/(-8)). Let i = 46 + g. What is x(i)?
-5
Let r(k) = 15*k**3 + 31*k**2 - 460*k + 14. Let l(q) = -7*q**3 - 15*q**2 + 213*q - 6. Let t(j) = -13*l(j) - 6*r(j). What is t(-8)?
130
Let i be 11/22 - (609/6)/(-7). Let k be 90/i + 42/(-3) + 3. Let u(y) = 3*y + 7. Determine u(k).
-8
Let r(s) = -6*s**3 + 4*s - 6. Let j(b) = 5*b**3 - b**2 - 5*b + 6. Suppose -14 = 6*f - 104. Suppose 0*v - 3*v = -f. Let t(x) = v*j(x) + 4*r(x). What is t(6)?
-12
Let o(k) = -k + 2*k - 32 + 0*k. Let u be (60/(-7))/((-12)/700). Let m = u + -500. Calculate o(m).
-32
Let l(w) = -w**3 + 15*w**2 - w - 4. Let d be l(15). Let v = d + 21. Suppose 0 = -v*x - 24 + 32. Let q(j) = j**2 - 5*j - 1. What is q(x)?
-5
Let c(t) = t**2 + 4*t - 9. Let k(x) = -x**3 + 20*x**2 + 19*x - 10. Let q be k(21). Let g = 56 + q. Suppose -3*j + j = -8, 2*y + 30 = g*j. Calculate c(y).
12
Suppose 32*j = 33*j - 14*j + 13. Let l(r) = -14*r**3 - 2*r**2 + 2*r + 1. What is l(j)?
-13
Let y(w) = -11*w - 15. Let g(k) = 268*k - 271. Let i be g(1). Calculate y(i).
18
Let c(g) = -g**3 - 13*g**2 - 13*g - 21. Let y be c(-12). Let n(o) be the first derivative of -o**3/3 - 7*o**2/2 + 18*o + 59. What is n(y)?
0
Let b(n) = -31*n + 64. Let l(g) = -21*g + 44. Let t(u) = -2*b(u) + 3*l(u). Let m = 16 - 10. Calculate t(m).
-2
Let u(a) = 11*a**2 - 3*a + 12. Let j(t) = 82 - 9*t - 24 + 2 + 31*t**2 - 26. Let v(d) = -6*j(d) + 17*u(d). Calculate v(-3).
0
Let t(u) = -14*u + 45. Let a be t(4). Let k(w) be the third derivative of w**6/120 + w**5/6 - 13*w**4/24 + 5*w**3/3 + w**2 - 86*w. Calculate k(a).
32
Let v(g) = -2*g - 5. Let m be (18 - 15) + 1 + 0. Suppose 5*b - m = 3*b + 2*c, -3 = c. Let q be ((-60)/5)/(-2)*b. What is v(q)?
7
Let s be (-40)/390*-60 - (-4)/(-26). Let y(b) = -7*b**2 + 9*b + 1. Let g(j) = -20*j**2 + 26*j + 2. Let p(a) = 6*g(a) - 17*y(a). Determine p(s).
-23
Let m(y) = -13*y**3 - 8*y**2 - 3*y + 11. Let l(g) = 15*g**3 + 7*g**2 + 6*g - 13. Let p(v) = -6*l(v) - 7*m(v). What is p(-15)?
1
Suppose -h = g - 3, 0 = 3*g - h - 3 - 2. Let d(r) be the first derivative of -4*r**3/3 + r - 47. Calculate d(g).
-15
Let k(d) = d**2 - 3*d - 76. Suppose 0 = -o - p + 13, -p + 33 = 18*o - 15*o. What is k(o)?
-6
Let z(t) = -10*t**3 - 8*t**2 - 13*t + 26. Let i(w) = 4*w**3 + 3*w**2 + 5*w - 10. Let c(a) = -13*i(a) - 5*z(a). Let y = -15 - -16. Give c(y).
-1
Let k be (-157932)/8988 + (-3)/7. Let r(g) = g**3 - 2*g**3 + 3 - 18*g + 3 - 19*g**2. Give r(k).
6
Let q(r) = -12*r - 19. Let c be 7 - 18 - (14 + -20). What is q(c)?
41
Let d(o) = o**3 - 14*o**2 + 21*o + 40. Let t be d(12). Let q(r) be the first derivative of -2*r**3/3 + 2*r**2 + 7*r + 4. Determine q(t).
-9
Let g(v) be the second derivative of -v**5/20 - 7*v**4/12 - 2*v**3 + 5*v**2/2 - 17*v - 39. What is g(-4)?
5
Let h(x) be the second derivative of 2*x + 3 - 2/3*x**3 - 1/20*x**5 - 1/2*x**2 - 5/12*x**4. What is h(-5)?
19
Let h(g) = 8*g - 3. Let c(q) = -q**3 - 6*q**2 + 2. Let l be c(-6). Suppose -12 = l*s - 3*b - 2*b, -b = -2. Let z = 1 - s. What is h(z)?
13
Let w(v) = 3*v + 3 + 15 - 4*v. Let c(o) = -2*o**2 - 49*o - 294. Let b be c(-14). Give w(b).
18
Let v(d) = d**3 + d**2 - d + 3. Let q(y) = -2*y**3 + 13*y**2 + 4*y - 5. Let t(z) = -q(z) - 3*v(z). Calculate t(-16).
12
Let b(c) = 4*c**3 - 14*c**2 + 7*c - 8. Suppose 2*j = 7*u - 36, j + 3*u + 19 = 40. What is b(j)?
-5
Let q(a) be the third derivative of a**5/60 - 7*a**4/24 - 5*a**3/2 + a**2. Suppose -g + 2*m - 22 = 0, -4*g + 26*m - 27*m = -47. Determine q(g).
-7
Let d(h) = h**3 - 2*h**2 - 4*h + 4. Suppose -3*m + 38 = 4*v + 25, -m + 1 = -2*v. Determine d(v).
-1
Suppose 2*k + 27 - 26 = -n, 3*k - 26 = 4*n. Let t(y) = y**3 + y**2 - 20*y + 5. What is t(n)?
5
Let c be (-42)/(-8) - 27/(-36). Let r(j) be the first derivative of -j**5/120 + j**4/24 + j**3 - 3*j + 33. Let s(l) be the third derivative of r(l). Give s(c).
-5
Let l be 13 + (19 - (20 - 1)). Let p(j) be the third derivative of 0 - 1/24*j**4 + 2/3*j**3 + 0*j - l*j**2. Determine p(0).
4
Let i(g) = -4 + 1 - 7 - 2*g. Let q(y) = -y**3 + 13*y**2 - 11*y - 9. Let u be q(12). Let b = u + -10. Calculate i(b).
4
Let c = 33 + -6. Let w(q) = -c + 25 + 2*q**2 + 2*q**2 + 5*q**3 + 4*q - 2*q. Let z(n) = 4*n**3 + 4*n**2 + 2*n - 2. Let l(p) = 3*w(p) - 4*z(p). Determine l(-4).
10
Suppose 0 = -24*m + 20*m - 4*c - 24, 0 = m + 5*c - 2. Let h(y) = -3*y - 15. Let f(d) = -d + 1. Let z(g) = 2*f(g) - h(g). Calculate z(m).
9
Let o(s) = 2*s - 13. Let q(p) = -33*p + 24*p - 178 + 15*p. Let h be q(31). Give o(h).
3
Let y(j) = -j**3 + 27*j**2 + 30*j - 51. Suppose 980 = -9*i + 34*i + 10*i. What is y(i)?
5
Let w(y) = -y**2 + y. Let t(k) = 8*k**2 - 8*k - 5. Let p(o) = -t(o) - 6*w(o). Suppose -2*i - 25 = -5*c, -17*c = -14*c + 2*i - 15. Determine p(c).
-35
Let w(r) = -29*r + 37 + 15*r - 26*r + 27*r. What is w(3)?
-2
Let n(a) = a**3 - 26*a**2 - 30*a + 19. Let c(m) = -m**3 + 27*m**2 + 32*m - 19. Let o(f) = 2*c(f) + 3*n(f). Let h be o(25). Let k(v) = 3*v + 3. Calculate k(h).
-15
Let b be (-4)/(1 + -2 - -2). Let o(r) be the third derivative of r**5/60 + r**4/8 - 5*r**3/6 - 42133*r**2. Give o(b).
-1
Let f(n) = n**2 + 5*n - 5. Let d(h) = -h**3 - 1 + 0 - 943*h + 2*h**2 + 941*h. Let j = -6 + 8. Let l be d(j). What is f(l)?
-5
Let q(v) = 7*v - 1. Suppose 5*n - 3*h - 83 = -0*h, -n + 4*h + 20 = 0. Let k = -7 + n. Suppose -4*o - k = -5. Calculate q(o).
-8
Let g(h) be the third derivative of -h**5/30 - 35*h**4/24 - 13*h**3/2 + 10*h**2 - 171*h. Calculate g(-16).
9
Let s(v) = v**3 + 4*v**2 - 5*v - 4. Suppose -9 = -9*u + 18. Suppose -2*x + 4*a = 0, u*a = -a + 8. Suppose 5*b = x*b - 5. What is s(b)?
-4
Suppose 5*u = -2*k - 4 - 2, 5*k = -5*u - 15. Let i(t) = -t + 8. Let d(r) = r - 7. Let v(n) = -7*d(n) - 6*i(n). Calculate v(k).
4
Suppose -2234*y + 2217*y - 136 = 0. Let n(q) = -q**3 - 9*q**2 - 4*q - 26. Calculate n(y).
-58
Suppose 2*y + 6 = -2*p - p, 0 = p - 2*y + 2. Suppose -9*h + 32 = 14. Let u(i) = 8*i - 9*i + 2*i**h + 3*i - 2*i**3 - i - 2. Give u(p).
20
Let m(j) = -j**3 - 6*j**2 + 3*j + 9. Let o = -22 + 110. Let a = 651 - 557. Let z = o - a. Determine m(z).
-9
Suppose -2*t + 2*d + 3 = 39, 3*t = 4*d - 60. Let p(l) = -9*l - 102. Calculate p(t).
6
Let p = -6 + 8. Let l(m) = m**2 - m**p - m**3 - 8. Let x = -5892 + 5892. Give l(x).
-8
Let q(x) be the first derivative of -x**4/4 - 10*x**3/3 + 9*x**2/2 - 36